(-161)/(-35) - 2/(-5). Suppose -3*r + 2*u + 0*u = -95, 5*r - 150 = g*u. Is r a composite number?
True
Let r be (-67)/(-13) + (-2)/13. Let v(m) = m - 1. Let t be v(r). Is 154/t*8/4 prime?
False
Suppose -4*x = -3*o + 11381, -5*o + 5*x + 13710 = -5250. Is o prime?
False
Suppose -2 = -h + 1. Let l be -2*(-11)/2*h. Suppose -v - 2*v + l = 0. Is v prime?
True
Let r(n) = 15*n - 6. Let i(h) be the first derivative of -h**3/3 + 5*h**2/2 + h + 2. Let u be i(4). Is r(u) composite?
True
Let t = -210 - -61. Let n = 138 - t. Is n a composite number?
True
Let i(n) = 28*n**2 + 16*n - 19. Is i(-12) prime?
True
Is (-18840)/(-216) + (-4)/18 composite?
True
Let r = 209 - -422. Is r a prime number?
True
Suppose 0 = 2*r - 3*x + 268, -r - 9 = 5*x + 112. Let h be (-4)/(-6)*3/1. Is (r/h)/((-4)/8) a prime number?
True
Let w be 32/14 + (-8)/28. Suppose -5*r - 67 = -3*q - 3*r, -66 = -4*q - w*r. Is q a composite number?
False
Let y(b) = -b**3 - b**2 - 1. Let r(l) = l + 1. Let a(m) = -2*r(m) + y(m). Let h = 8 - 11. Is a(h) composite?
True
Let k(p) = 1582*p**2 - 2*p + 2. Is k(2) composite?
True
Let z(y) = -y**2 - y + 14. Suppose -q = -2*q. Is z(q) prime?
False
Is 3 + -3 - (-839)/1 a composite number?
False
Let a be (137/3)/((-1)/(-12)). Suppose -a = -5*d + 172. Suppose 2*k = 142 + d. Is k composite?
True
Is (13816/4)/(1*2) prime?
False
Let f = 2551 - 1490. Is f a prime number?
True
Suppose 2*m - 696 = 262. Is m composite?
False
Let j = 142 + -99. Is j prime?
True
Suppose 8 = -4*s, 588 = 4*z - 0*s - 2*s. Is (-12)/(-24) - z/(-4) prime?
True
Is (-17)/((-44)/(-12) + -4) a prime number?
False
Suppose r + 0*r - 4*q + 4 = 0, -5*r = -4*q + 20. Let n = -1 - r. Suppose 5*w - 138 = n*w. Is w a composite number?
True
Suppose 0 = 3*i - 7*i. Suppose 5*z - 2*g - 1319 = i, 0 = 2*z + 2*z - 3*g - 1051. Is z a prime number?
False
Let m(o) = -o**2 - 19*o - 1. Suppose 15 = 3*q + 51. Is m(q) composite?
False
Suppose 3*i + 7368 = 11*i. Is i composite?
True
Suppose 2*q = 7*q + 205. Let b = q + 96. Is b a composite number?
True
Suppose -48*q + 44*q + 1884 = 0. Is q composite?
True
Suppose -36*w - 1402 = -38*w. Is w prime?
True
Let j be (-446)/(3 + 15/(-6)). Is 1/(-5) + j/(-10) composite?
False
Suppose -j - 5*q = -13 + 4, -q + 5 = j. Let y(o) = -o**2 + 4*o + 3. Let v be y(j). Is (58/v)/(8/36) composite?
True
Suppose 7*z - 9*z = -422. Is z composite?
False
Let g be (444/16)/((-3)/(-16)). Let z = -3 + g. Is z prime?
False
Let c(a) = -a**3 - 18*a**2 - 26*a - 14. Is c(-17) prime?
True
Suppose 215 = -5*y + 690. Is y composite?
True
Let m(l) = 3 - l**3 + 3*l**2 - 4*l + 2 - 6. Is m(-4) prime?
True
Suppose -1113 = -2*y + 985. Is y composite?
False
Suppose 0*z = 2*z - 8. Let l be 6/z*4/6. Is (5/2 + l)*10 a composite number?
True
Suppose 85 = -5*r + 5*n, -3*n + 64 = -r - 3*r. Let h = 7 + r. Is (46/(-4))/(3/h) composite?
False
Let r = 461 + 656. Is r a composite number?
False
Suppose x = -0*x - 4. Let j(s) = 4*s - 4. Let z be j(-3). Is ((-74)/(-8))/(x/z) prime?
True
Let u = 228 - 29. Suppose 0 = 28*w - 29*w + u. Is w a prime number?
True
Let l be 0 - (1 + 2) - -3. Suppose 633 = 3*y - l*y. Is y a composite number?
False
Let b be (9 - 2)*2/(-1). Is b - -11 - -4*29 a composite number?
False
Let n = 0 + 1. Suppose h - 3 = n. Suppose h*u - 9 - 47 = 0. Is u a composite number?
True
Suppose -2*h + 4*h - 4*i = 48, -3*h - i + 44 = 0. Let a be (h/(-4))/(-1 - -2). Is 1/a - (-2298)/8 composite?
True
Let v = 291 - 170. Is v a prime number?
False
Let m(u) = u**3 + 4*u**2 - 5*u - 2. Let a be m(-3). Let r = a + -12. Is r a prime number?
False
Suppose -11 = 5*s - 31. Let f be 2 - 1/((-2)/s). Suppose 0*a + 59 = 2*a - p, a - f*p = 19. Is a prime?
True
Let t(x) = x**2 - 2*x + 2. Let i be -3 + 6 + (1 - 4). Let m be (-7)/3*-3 - i. Is t(m) a prime number?
True
Let x = 17824 - 10703. Is x a composite number?
False
Let m = 18 + -3. Suppose 847 - 37 = 3*o - 3*w, 5*w = -m. Suppose 4*c = 5*d - o, -3*c - 19 - 41 = -d. Is d prime?
False
Let s = 1480 + -683. Is s composite?
False
Suppose s = -5*l + 106, 0*l - 20 = 4*l. Suppose -2*t + s = -167. Is t a composite number?
False
Suppose -2398 - 503 = -3*m. Is m prime?
True
Let y be 0 + 1 - 2/(-2). Let k(x) = 0 - 2 + 2*x + 54*x**2 - 1. Is k(y) prime?
False
Suppose -2*h - h - 6 = 0. Let x(b) = b**2 + 6*b + 4. Let j be x(-4). Let v = h - j. Is v composite?
False
Suppose 3*r - 246 = -3*w, -3*r = -4*r + 4*w + 97. Is r prime?
False
Suppose n - 937 = -4*p, n = -4*n - 15. Is p composite?
True
Let x(s) = -271*s**2 - 5*s + 1. Let m be x(2). Let z = 1630 + m. Is z a composite number?
True
Suppose -1615 = -5*v + 2*u, 393 = 5*v + 5*u - 1257. Suppose 2*g - 10 = 0, 3*f + g = -g + v. Suppose 7*n - 2*n = f. Is n composite?
True
Suppose 0*n = 5*n - 1510. Is n a composite number?
True
Suppose -m - 5 = n, -21 = 4*m + 5*n - 0*n. Let b = m + 27. Is b prime?
True
Suppose 18 = -s + 17. Is (s/(2/(-220)))/2 composite?
True
Let q(g) = -5*g**3 - 3*g**2 + g - 1. Let p be 7/3 + (-2)/(-3). Let i be q(p). Let t = -81 - i. Is t prime?
True
Let q(x) = 86*x - 2. Let r be q(-1). Let l = r + 191. Is l a prime number?
True
Suppose -2 = -3*q + 7. Suppose -8*n - o = -q*n - 87, 5*n - 95 = -5*o. Suppose s - 2 - n = 0. Is s prime?
True
Let z = -4 - -2. Suppose 2*a - 5*c = -13, a - 23 = -4*c + 3. Is (-105)/a*(-4 - z) a composite number?
True
Let u(y) = -35*y**2 + 1. Let d be u(1). Let z = d - -59. Is z prime?
False
Let n be (-3)/(-6)*-6 - -107. Suppose -2*z + 134 = -n. Is z a composite number?
True
Suppose 5*r - 27 - 33 = 0. Suppose -2*l + r + 302 = 0. Is l a composite number?
False
Is -1*3 + (12 - -664) a composite number?
False
Let v = -4 - -5. Let o = v - -10. Is o prime?
True
Let t(u) = -2*u**3 - 5*u + 1. Let r(d) = -d**2. Let i be r(-2). Is t(i) a composite number?
False
Let x(b) = -b**2 + 4*b + 6. Let l(y) = -5*y**2 + 15*y + 24. Let q(n) = 2*l(n) - 9*x(n). Let r be q(-4). Let w = r + 11. Is w a composite number?
False
Let t = -52 + 92. Is 7/(14/t) + 1 composite?
True
Let h(s) = 4*s - 1. Let p be h(5). Suppose 0 = -4*o + 3*o. Suppose o = t - p - 16. Is t composite?
True
Let n(m) be the second derivative of -m**5/20 - 11*m**4/12 + 11*m**3/6 + 9*m**2/2 - 7*m. Is n(-12) composite?
True
Let u be ((-156)/(-18))/((-4)/(-6)). Suppose -5*r = -r + 24. Let k = r + u. Is k a composite number?
False
Suppose 2*l = 2*g - 14, -5*g = -l - 2*l - 35. Let x = 7 - g. Suppose x*r + 222 = 3*r. Is r a prime number?
False
Let x(u) = u + 1. Let y(r) = 6*r + 7. Let j(i) = 4*x(i) - y(i). Let l be j(-3). Suppose -l*g - 42 = -135. Is g composite?
False
Let r(b) = -b**2 + 3*b + 3. Let d be r(3). Suppose 157 = 5*c + d*l - 4*l, c + l = 29. Is c a composite number?
False
Suppose 0*f + 5*l + 1776 = 3*f, -l - 3 = 0. Is f a prime number?
True
Suppose -f - 8 = 3*f. Is f/(-8) - 1309/(-28) composite?
False
Let s be (2 - -1)*(-26)/6. Let x = -7 - s. Let o = x - 0. Is o a prime number?
False
Suppose 5*h - 4*l - 3205 = 0, 2*h + 2*l = 1493 - 211. Is h prime?
True
Let l be (-6)/15*(3 + 2). Is (-2)/((4/179)/l) a composite number?
False
Let b = -97 + 48. Suppose 4*j = -3*q + 3 + 2, 0 = -2*j + 4*q + 8. Is b*1/(-2)*j a composite number?
True
Let m be 3/1 + -4 + 4. Suppose m*s - 5*s + 322 = 0. Is s a prime number?
False
Let p(f) = f + 491. Is p(0) a prime number?
True
Let m(k) be the third derivative of -1/60*k**5 + 4*k**2 + 1/30*k**6 + 0 + 0*k - 1/12*k**4 - 1/6*k**3. Is m(2) prime?
True
Suppose 5*y - 4*y - 9 = 0. Let t(k) = k**2 - 10*k + 11. Let m be t(y). Suppose 7 = -c + m*c. Is c a prime number?
True
Let f(l) = -2*l**2 - 3 - 1 - l**2 - 5*l - l**3. Let z(k) = -k**3 - 2*k**2 + 3*k - 3. Let x be z(-3). Is f(x) a prime number?
True
Let t be ((-9)/(-6))/(-3)*0. Suppose t = 5*h - 5, -4*c + 128 = 2*h - 274. Let v = -66 + c. Is v composite?
True
Suppose -2*c = -923 - 479. Is c composite?
False
Let k(j) = j**3 + 6*j**2 - 8*j + 9. Let u be k(-8). Let h = 92 + u. Is h a prime number?
True
Let q(y) = 12*y**2 + y + 2. Let w be q(-5). Suppose w = 5*g + 32. Is g prime?
True
Suppose -3*r + 259 = -32. Is r composite?
False
Let h(y) = 53*y**3 + 7*y**2 - 4. Let r(c) = 18*c**3 + 2*c**2 - 1. Let t(m) = 2*h(m) - 7*r(m). Is t(-1) composite?
False
Let a(r) = 111*r**3 - 3*r**2 + 1. Is a(2) composite?
False
Suppose 2*q = -0*q. Let v(l) = 4*l + 2. Let z be v(-2). Is (0 + q - z) + -3 composite?
False
